{"id":370,"date":"2022-05-27T17:21:43","date_gmt":"2022-05-27T15:21:43","guid":{"rendered":"https:\/\/artsfestival.vinaros.es\/espectacles\/malvivir\/"},"modified":"2022-06-20T11:14:25","modified_gmt":"2022-06-20T09:14:25","slug":"malvivir","status":"publish","type":"esdeveniments","link":"https:\/\/artsfestival.vinaros.es\/es\/espectaculos\/malvivir\/","title":{"rendered":"Malvivir"},"content":{"rendered":"\n<p>Basado en las novelas picarescas del Siglo de Oro.<\/p>\n\n<p>MALVIVIR cuenta en primera persona la vida secreta de Elena de Pau, mujer libre, rebelde, ladrona, ingeniosa, embustera y fugitiva que desaf\u00eda todas las convenciones de su \u00e9poca y paga el precio de su libertad<em>.<\/em><\/p>\n\n<p>MALVIVIR<em> <\/em>es el viaje a la cara oscura del Siglo de Oro; un recorrido por las diferentes capas sociales, escenarios y personajes de una \u00e9poca turbulenta y fascinante.<\/p>\n\n<p>MALVIVIR<em> <\/em>es tambi\u00e9n la historia del amor desgarrado y salvaje entre Elena y *Mont\u00fafar; dos personajes miserables en una Espa\u00f1a de esplendor y hambre, de sue\u00f1o y enga\u00f1o, de fe y brujer\u00eda, de ilusi\u00f3n y muerte.<\/p>\n\n<p>Ay Teatro presenta una visi\u00f3n tragic\u00f3mica del siglo XVII, una reflexi\u00f3n sobre la libertad y la supervivencia y un rescate de la literatura picaresca femenina del Barroco.<\/p>\n","protected":false},"excerpt":{"rendered":"<p>Basado en las novelas picarescas del Siglo de Oro. MALVIVIR cuenta en primera persona la vida [&hellip;]<\/p>\n","protected":false},"author":2,"featured_media":318,"menu_order":0,"template":"","format":"standard","meta":{"inline_featured_image":false,"footnotes":""},"tipus":[],"disponibilitat":[14],"acf":[],"yoast_head":"<!-- This site is optimized with the Yoast SEO plugin v22.6 - https:\/\/yoast.com\/wordpress\/plugins\/seo\/ -->\n<title>Malvivir - Vinar\u00f2s Arts Festival<\/title>\n<meta name=\"robots\" content=\"index, follow, max-snippet:-1, max-image-preview:large, max-video-preview:-1\" \/>\n<link rel=\"canonical\" href=\"https:\/\/artsfestival.vinaros.es\/es\/espectaculos\/malvivir\/\" \/>\n<meta property=\"og:locale\" content=\"es_ES\" \/>\n<meta property=\"og:type\" content=\"article\" \/>\n<meta property=\"og:title\" content=\"Malvivir - Vinar\u00f2s Arts Festival\" \/>\n<meta property=\"og:description\" content=\"Basado en las novelas picarescas del Siglo de Oro. MALVIVIR cuenta en primera persona la vida [&hellip;]\" \/>\n<meta property=\"og:url\" content=\"https:\/\/artsfestival.vinaros.es\/es\/espectaculos\/malvivir\/\" \/>\n<meta property=\"og:site_name\" content=\"Vinar\u00f2s Arts Festival\" \/>\n<meta property=\"article:modified_time\" content=\"2022-06-20T09:14:25+00:00\" \/>\n<meta property=\"og:image\" content=\"https:\/\/artsfestival.vinaros.es\/wp-content\/uploads\/2022\/05\/vinaros-arts-festival-malvivir.jpg\" \/>\n\t<meta property=\"og:image:width\" content=\"1920\" \/>\n\t<meta property=\"og:image:height\" content=\"1550\" \/>\n\t<meta property=\"og:image:type\" content=\"image\/jpeg\" \/>\n<meta name=\"twitter:card\" content=\"summary_large_image\" \/>\n<meta name=\"twitter:label1\" content=\"Tiempo de lectura\" \/>\n\t<meta name=\"twitter:data1\" content=\"1 minuto\" \/>\n<script type=\"application\/ld+json\" class=\"yoast-schema-graph\">{\"@context\":\"https:\/\/schema.org\",\"@graph\":[{\"@type\":\"WebPage\",\"@id\":\"https:\/\/artsfestival.vinaros.es\/es\/espectaculos\/malvivir\/\",\"url\":\"https:\/\/artsfestival.vinaros.es\/es\/espectaculos\/malvivir\/\",\"name\":\"Malvivir - Vinar\u00f2s Arts Festival\",\"isPartOf\":{\"@id\":\"https:\/\/artsfestival.vinaros.es\/es\/#website\"},\"primaryImageOfPage\":{\"@id\":\"https:\/\/artsfestival.vinaros.es\/es\/espectaculos\/malvivir\/#primaryimage\"},\"image\":{\"@id\":\"https:\/\/artsfestival.vinaros.es\/es\/espectaculos\/malvivir\/#primaryimage\"},\"thumbnailUrl\":\"https:\/\/artsfestival.vinaros.es\/wp-content\/uploads\/2022\/05\/vinaros-arts-festival-malvivir.jpg\",\"datePublished\":\"2022-05-27T15:21:43+00:00\",\"dateModified\":\"2022-06-20T09:14:25+00:00\",\"breadcrumb\":{\"@id\":\"https:\/\/artsfestival.vinaros.es\/es\/espectaculos\/malvivir\/#breadcrumb\"},\"inLanguage\":\"es\",\"potentialAction\":[{\"@type\":\"ReadAction\",\"target\":[\"https:\/\/artsfestival.vinaros.es\/es\/espectaculos\/malvivir\/\"]}]},{\"@type\":\"ImageObject\",\"inLanguage\":\"es\",\"@id\":\"https:\/\/artsfestival.vinaros.es\/es\/espectaculos\/malvivir\/#primaryimage\",\"url\":\"https:\/\/artsfestival.vinaros.es\/wp-content\/uploads\/2022\/05\/vinaros-arts-festival-malvivir.jpg\",\"contentUrl\":\"https:\/\/artsfestival.vinaros.es\/wp-content\/uploads\/2022\/05\/vinaros-arts-festival-malvivir.jpg\",\"width\":1920,\"height\":1550},{\"@type\":\"BreadcrumbList\",\"@id\":\"https:\/\/artsfestival.vinaros.es\/es\/espectaculos\/malvivir\/#breadcrumb\",\"itemListElement\":[{\"@type\":\"ListItem\",\"position\":1,\"name\":\"Inicio\",\"item\":\"https:\/\/artsfestival.vinaros.es\/es\/\"},{\"@type\":\"ListItem\",\"position\":2,\"name\":\"Espect\u00e1culos\",\"item\":\"https:\/\/artsfestival.vinaros.es\/es\/espectaculos\/\"},{\"@type\":\"ListItem\",\"position\":3,\"name\":\"Malvivir\"}]},{\"@type\":\"WebSite\",\"@id\":\"https:\/\/artsfestival.vinaros.es\/es\/#website\",\"url\":\"https:\/\/artsfestival.vinaros.es\/es\/\",\"name\":\"Vinar\u00f2s Arts Festival\",\"description\":\"El festival de Vinar\u00f2s\",\"potentialAction\":[{\"@type\":\"SearchAction\",\"target\":{\"@type\":\"EntryPoint\",\"urlTemplate\":\"https:\/\/artsfestival.vinaros.es\/es\/?s={search_term_string}\"},\"query-input\":\"required name=search_term_string\"}],\"inLanguage\":\"es\"}]}<\/script>\n<!-- \/ Yoast SEO plugin. -->","yoast_head_json":{"title":"Malvivir - Vinar\u00f2s Arts Festival","robots":{"index":"index","follow":"follow","max-snippet":"max-snippet:-1","max-image-preview":"max-image-preview:large","max-video-preview":"max-video-preview:-1"},"canonical":"https:\/\/artsfestival.vinaros.es\/es\/espectaculos\/malvivir\/","og_locale":"es_ES","og_type":"article","og_title":"Malvivir - Vinar\u00f2s Arts Festival","og_description":"Basado en las novelas picarescas del Siglo de Oro. MALVIVIR cuenta en primera persona la vida [&hellip;]","og_url":"https:\/\/artsfestival.vinaros.es\/es\/espectaculos\/malvivir\/","og_site_name":"Vinar\u00f2s Arts Festival","article_modified_time":"2022-06-20T09:14:25+00:00","og_image":[{"width":1920,"height":1550,"url":"https:\/\/artsfestival.vinaros.es\/wp-content\/uploads\/2022\/05\/vinaros-arts-festival-malvivir.jpg","type":"image\/jpeg"}],"twitter_card":"summary_large_image","twitter_misc":{"Tiempo de lectura":"1 minuto"},"schema":{"@context":"https:\/\/schema.org","@graph":[{"@type":"WebPage","@id":"https:\/\/artsfestival.vinaros.es\/es\/espectaculos\/malvivir\/","url":"https:\/\/artsfestival.vinaros.es\/es\/espectaculos\/malvivir\/","name":"Malvivir - Vinar\u00f2s Arts Festival","isPartOf":{"@id":"https:\/\/artsfestival.vinaros.es\/es\/#website"},"primaryImageOfPage":{"@id":"https:\/\/artsfestival.vinaros.es\/es\/espectaculos\/malvivir\/#primaryimage"},"image":{"@id":"https:\/\/artsfestival.vinaros.es\/es\/espectaculos\/malvivir\/#primaryimage"},"thumbnailUrl":"https:\/\/artsfestival.vinaros.es\/wp-content\/uploads\/2022\/05\/vinaros-arts-festival-malvivir.jpg","datePublished":"2022-05-27T15:21:43+00:00","dateModified":"2022-06-20T09:14:25+00:00","breadcrumb":{"@id":"https:\/\/artsfestival.vinaros.es\/es\/espectaculos\/malvivir\/#breadcrumb"},"inLanguage":"es","potentialAction":[{"@type":"ReadAction","target":["https:\/\/artsfestival.vinaros.es\/es\/espectaculos\/malvivir\/"]}]},{"@type":"ImageObject","inLanguage":"es","@id":"https:\/\/artsfestival.vinaros.es\/es\/espectaculos\/malvivir\/#primaryimage","url":"https:\/\/artsfestival.vinaros.es\/wp-content\/uploads\/2022\/05\/vinaros-arts-festival-malvivir.jpg","contentUrl":"https:\/\/artsfestival.vinaros.es\/wp-content\/uploads\/2022\/05\/vinaros-arts-festival-malvivir.jpg","width":1920,"height":1550},{"@type":"BreadcrumbList","@id":"https:\/\/artsfestival.vinaros.es\/es\/espectaculos\/malvivir\/#breadcrumb","itemListElement":[{"@type":"ListItem","position":1,"name":"Inicio","item":"https:\/\/artsfestival.vinaros.es\/es\/"},{"@type":"ListItem","position":2,"name":"Espect\u00e1culos","item":"https:\/\/artsfestival.vinaros.es\/es\/espectaculos\/"},{"@type":"ListItem","position":3,"name":"Malvivir"}]},{"@type":"WebSite","@id":"https:\/\/artsfestival.vinaros.es\/es\/#website","url":"https:\/\/artsfestival.vinaros.es\/es\/","name":"Vinar\u00f2s Arts Festival","description":"El festival de Vinar\u00f2s","potentialAction":[{"@type":"SearchAction","target":{"@type":"EntryPoint","urlTemplate":"https:\/\/artsfestival.vinaros.es\/es\/?s={search_term_string}"},"query-input":"required name=search_term_string"}],"inLanguage":"es"}]}},"_links":{"self":[{"href":"https:\/\/artsfestival.vinaros.es\/es\/wp-json\/wp\/v2\/esdeveniments\/370"}],"collection":[{"href":"https:\/\/artsfestival.vinaros.es\/es\/wp-json\/wp\/v2\/esdeveniments"}],"about":[{"href":"https:\/\/artsfestival.vinaros.es\/es\/wp-json\/wp\/v2\/types\/esdeveniments"}],"author":[{"embeddable":true,"href":"https:\/\/artsfestival.vinaros.es\/es\/wp-json\/wp\/v2\/users\/2"}],"version-history":[{"count":1,"href":"https:\/\/artsfestival.vinaros.es\/es\/wp-json\/wp\/v2\/esdeveniments\/370\/revisions"}],"predecessor-version":[{"id":371,"href":"https:\/\/artsfestival.vinaros.es\/es\/wp-json\/wp\/v2\/esdeveniments\/370\/revisions\/371"}],"wp:featuredmedia":[{"embeddable":true,"href":"https:\/\/artsfestival.vinaros.es\/es\/wp-json\/wp\/v2\/media\/318"}],"wp:attachment":[{"href":"https:\/\/artsfestival.vinaros.es\/es\/wp-json\/wp\/v2\/media?parent=370"}],"wp:term":[{"taxonomy":"tipus","embeddable":true,"href":"https:\/\/artsfestival.vinaros.es\/es\/wp-json\/wp\/v2\/tipus?post=370"},{"taxonomy":"disponibilitat","embeddable":true,"href":"https:\/\/artsfestival.vinaros.es\/es\/wp-json\/wp\/v2\/disponibilitat?post=370"}],"curies":[{"name":"wp","href":"https:\/\/api.w.org\/{rel}","templated":true}]}}

<p>Basado en las novelas picarescas del Siglo de Oro.</p>

<p>MALVIVIR cuenta en primera persona la vida secreta de Elena de Pau, mujer libre, rebelde, ladrona, ingeniosa, embustera y fugitiva que desafía todas las convenciones de su época y paga el precio de su libertad<em>.</em></p>

<p>MALVIVIR<em> </em>es el viaje a la cara oscura del Siglo de Oro; un recorrido por las diferentes capas sociales, escenarios y personajes de una época turbulenta y fascinante.</p>

<p>MALVIVIR<em> </em>es también la historia del amor desgarrado y salvaje entre Elena y *Montúfar; dos personajes miserables en una España de esplendor y hambre, de sueño y engaño, de fe y brujería, de ilusión y muerte.</p>

<p>Ay Teatro presenta una visión tragicómica del siglo XVII, una reflexión sobre la libertad y la supervivencia y un rescate de la literatura picaresca femenina del Barroco.</p>

<!-- This site is optimized with the Yoast SEO plugin v22.6 - https://yoast.com/wordpress/plugins/seo/ -->
<title>Malvivir - Vinaròs Arts Festival</title>
<meta name="robots" content="index, follow, max-snippet:-1, max-image-preview:large, max-video-preview:-1" />
<link rel="canonical" href="https://artsfestival.vinaros.es/es/espectaculos/malvivir/" />
<meta property="og:locale" content="es_ES" />
<meta property="og:type" content="article" />
<meta property="og:title" content="Malvivir - Vinaròs Arts Festival" />
<meta property="og:description" content="Basado en las novelas picarescas del Siglo de Oro. MALVIVIR cuenta en primera persona la vida [&hellip;]" />
<meta property="og:url" content="https://artsfestival.vinaros.es/es/espectaculos/malvivir/" />
<meta property="og:site_name" content="Vinaròs Arts Festival" />
<meta property="article:modified_time" content="2022-06-20T09:14:25+00:00" />
<meta property="og:image" content="https://artsfestival.vinaros.es/wp-content/uploads/2022/05/vinaros-arts-festival-malvivir.jpg" />
	<meta property="og:image:width" content="1920" />
	<meta property="og:image:height" content="1550" />
	<meta property="og:image:type" content="image/jpeg" />
<meta name="twitter:card" content="summary_large_image" />
<meta name="twitter:label1" content="Tiempo de lectura" />
	<meta name="twitter:data1" content="1 minuto" />
<script type="application/ld+json" class="yoast-schema-graph">{"@context":"https://schema.org","@graph":[{"@type":"WebPage","@id":"https://artsfestival.vinaros.es/es/espectaculos/malvivir/","url":"https://artsfestival.vinaros.es/es/espectaculos/malvivir/","name":"Malvivir - Vinaròs Arts Festival","isPartOf":{"@id":"https://artsfestival.vinaros.es/es/#website"},"primaryImageOfPage":{"@id":"https://artsfestival.vinaros.es/es/espectaculos/malvivir/#primaryimage"},"image":{"@id":"https://artsfestival.vinaros.es/es/espectaculos/malvivir/#primaryimage"},"thumbnailUrl":"https://artsfestival.vinaros.es/wp-content/uploads/2022/05/vinaros-arts-festival-malvivir.jpg","datePublished":"2022-05-27T15:21:43+00:00","dateModified":"2022-06-20T09:14:25+00:00","breadcrumb":{"@id":"https://artsfestival.vinaros.es/es/espectaculos/malvivir/#breadcrumb"},"inLanguage":"es","potentialAction":[{"@type":"ReadAction","target":["https://artsfestival.vinaros.es/es/espectaculos/malvivir/"]}]},{"@type":"ImageObject","inLanguage":"es","@id":"https://artsfestival.vinaros.es/es/espectaculos/malvivir/#primaryimage","url":"https://artsfestival.vinaros.es/wp-content/uploads/2022/05/vinaros-arts-festival-malvivir.jpg","contentUrl":"https://artsfestival.vinaros.es/wp-content/uploads/2022/05/vinaros-arts-festival-malvivir.jpg","width":1920,"height":1550},{"@type":"BreadcrumbList","@id":"https://artsfestival.vinaros.es/es/espectaculos/malvivir/#breadcrumb","itemListElement":[{"@type":"ListItem","position":1,"name":"Inicio","item":"https://artsfestival.vinaros.es/es/"},{"@type":"ListItem","position":2,"name":"Espectáculos","item":"https://artsfestival.vinaros.es/es/espectaculos/"},{"@type":"ListItem","position":3,"name":"Malvivir"}]},{"@type":"WebSite","@id":"https://artsfestival.vinaros.es/es/#website","url":"https://artsfestival.vinaros.es/es/","name":"Vinaròs Arts Festival","description":"El festival de Vinaròs","potentialAction":[{"@type":"SearchAction","target":{"@type":"EntryPoint","urlTemplate":"https://artsfestival.vinaros.es/es/?s={search_term_string}"},"query-input":"required name=search_term_string"}],"inLanguage":"es"}]}</script>
<!-- / Yoast SEO plugin. -->

Malvivir - Vinaròs Arts Festival

Vinaròs Arts Festival

Espectáculos

El festival de Vinaròs
