{"id":376,"date":"2022-05-27T17:18:57","date_gmt":"2022-05-27T15:18:57","guid":{"rendered":"https:\/\/artsfestival.vinaros.es\/espectacles\/tito-andronico\/"},"modified":"2022-06-20T11:14:32","modified_gmt":"2022-06-20T09:14:32","slug":"tito-andronico","status":"publish","type":"esdeveniments","link":"https:\/\/artsfestival.vinaros.es\/es\/espectaculos\/tito-andronico\/","title":{"rendered":"Tito Andr\u00f3nico"},"content":{"rendered":"\n<p>Despu\u00e9s de diez a\u00f1os de guerra, Titus Andr\u00f2nic vuelve al fin a Roma, victorioso y con la reina goda Tamora y sus tres hijos como prisioneros. Despu\u00e9s de sacrificar, tal como ordenan los ritos sagrados, el mayor de ellos, Titus solo aspira a buscar tranquilidad y reposo, porque bajo su llevar gesto de general triunfante, vive tambi\u00e9n un hombre con el alma fatigada por la dureza de la lucha y la prematura muerte de la mayor\u00eda de sus hijos. Solo cinco quedan a su lado y, entre todos ellos, no puede disimular su devoci\u00f3n por Lav\u00ednia, en quien ve la esperanza de un futuro que quiz\u00e1s puede escapar a la violencia que lo ha acompa\u00f1ado a lo largo de la vida.  <\/p>\n\n<p>Poco durar\u00e1, sin embargo, la calma: enseguida se ver\u00e1 obligado a interceder en las intrigas pol\u00edticas entre Bassi\u00e1 y Saturn\u00ed, dos hermanos enfrentados por su derecho en la corona del Imperio. El voto de Titus a favor de Saturn\u00ed precipitar\u00e1 una cadena fatal de hechos que converger\u00e1n, siempre, en un instinto tan universal como peligroso: la venganza. <\/p>\n","protected":false},"excerpt":{"rendered":"<p>Despu\u00e9s de diez a\u00f1os de guerra, Titus Andr\u00f2nic vuelve al fin a Roma, victorioso y con [&hellip;]<\/p>\n","protected":false},"author":2,"featured_media":323,"menu_order":0,"template":"","format":"standard","meta":{"inline_featured_image":false,"footnotes":""},"tipus":[],"disponibilitat":[14],"acf":[],"yoast_head":"<!-- This site is optimized with the Yoast SEO plugin v22.6 - https:\/\/yoast.com\/wordpress\/plugins\/seo\/ -->\n<title>Tito Andr\u00f3nico - Vinar\u00f2s Arts Festival<\/title>\n<meta name=\"description\" content=\"-1375\" \/>\n<meta name=\"robots\" content=\"index, follow, max-snippet:-1, max-image-preview:large, max-video-preview:-1\" \/>\n<link rel=\"canonical\" href=\"https:\/\/artsfestival.vinaros.es\/es\/espectaculos\/tito-andronico\/\" \/>\n<meta property=\"og:locale\" content=\"es_ES\" \/>\n<meta property=\"og:type\" content=\"article\" \/>\n<meta property=\"og:title\" content=\"Tito Andr\u00f3nico - Vinar\u00f2s Arts Festival\" \/>\n<meta property=\"og:description\" content=\"-1375\" \/>\n<meta property=\"og:url\" content=\"https:\/\/artsfestival.vinaros.es\/es\/espectaculos\/tito-andronico\/\" \/>\n<meta property=\"og:site_name\" content=\"Vinar\u00f2s Arts Festival\" \/>\n<meta property=\"article:modified_time\" content=\"2022-06-20T09:14:32+00:00\" \/>\n<meta property=\"og:image\" content=\"https:\/\/artsfestival.vinaros.es\/wp-content\/uploads\/2022\/05\/vinaros-arts-festival-tito-andronico.jpg\" \/>\n\t<meta property=\"og:image:width\" content=\"1240\" \/>\n\t<meta property=\"og:image:height\" content=\"828\" \/>\n\t<meta property=\"og:image:type\" content=\"image\/jpeg\" \/>\n<meta name=\"twitter:card\" content=\"summary_large_image\" \/>\n<meta name=\"twitter:label1\" content=\"Tiempo de lectura\" \/>\n\t<meta name=\"twitter:data1\" content=\"1 minuto\" \/>\n<script type=\"application\/ld+json\" class=\"yoast-schema-graph\">{\"@context\":\"https:\/\/schema.org\",\"@graph\":[{\"@type\":\"WebPage\",\"@id\":\"https:\/\/artsfestival.vinaros.es\/es\/espectaculos\/tito-andronico\/\",\"url\":\"https:\/\/artsfestival.vinaros.es\/es\/espectaculos\/tito-andronico\/\",\"name\":\"Tito Andr\u00f3nico - Vinar\u00f2s Arts Festival\",\"isPartOf\":{\"@id\":\"https:\/\/artsfestival.vinaros.es\/es\/#website\"},\"primaryImageOfPage\":{\"@id\":\"https:\/\/artsfestival.vinaros.es\/es\/espectaculos\/tito-andronico\/#primaryimage\"},\"image\":{\"@id\":\"https:\/\/artsfestival.vinaros.es\/es\/espectaculos\/tito-andronico\/#primaryimage\"},\"thumbnailUrl\":\"https:\/\/artsfestival.vinaros.es\/wp-content\/uploads\/2022\/05\/vinaros-arts-festival-tito-andronico.jpg\",\"datePublished\":\"2022-05-27T15:18:57+00:00\",\"dateModified\":\"2022-06-20T09:14:32+00:00\",\"description\":\"-1375\",\"breadcrumb\":{\"@id\":\"https:\/\/artsfestival.vinaros.es\/es\/espectaculos\/tito-andronico\/#breadcrumb\"},\"inLanguage\":\"es\",\"potentialAction\":[{\"@type\":\"ReadAction\",\"target\":[\"https:\/\/artsfestival.vinaros.es\/es\/espectaculos\/tito-andronico\/\"]}]},{\"@type\":\"ImageObject\",\"inLanguage\":\"es\",\"@id\":\"https:\/\/artsfestival.vinaros.es\/es\/espectaculos\/tito-andronico\/#primaryimage\",\"url\":\"https:\/\/artsfestival.vinaros.es\/wp-content\/uploads\/2022\/05\/vinaros-arts-festival-tito-andronico.jpg\",\"contentUrl\":\"https:\/\/artsfestival.vinaros.es\/wp-content\/uploads\/2022\/05\/vinaros-arts-festival-tito-andronico.jpg\",\"width\":1240,\"height\":828},{\"@type\":\"BreadcrumbList\",\"@id\":\"https:\/\/artsfestival.vinaros.es\/es\/espectaculos\/tito-andronico\/#breadcrumb\",\"itemListElement\":[{\"@type\":\"ListItem\",\"position\":1,\"name\":\"Inicio\",\"item\":\"https:\/\/artsfestival.vinaros.es\/es\/\"},{\"@type\":\"ListItem\",\"position\":2,\"name\":\"Espect\u00e1culos\",\"item\":\"https:\/\/artsfestival.vinaros.es\/es\/espectaculos\/\"},{\"@type\":\"ListItem\",\"position\":3,\"name\":\"Tito Andr\u00f3nico\"}]},{\"@type\":\"WebSite\",\"@id\":\"https:\/\/artsfestival.vinaros.es\/es\/#website\",\"url\":\"https:\/\/artsfestival.vinaros.es\/es\/\",\"name\":\"Vinar\u00f2s Arts Festival\",\"description\":\"El festival de Vinar\u00f2s\",\"potentialAction\":[{\"@type\":\"SearchAction\",\"target\":{\"@type\":\"EntryPoint\",\"urlTemplate\":\"https:\/\/artsfestival.vinaros.es\/es\/?s={search_term_string}\"},\"query-input\":\"required name=search_term_string\"}],\"inLanguage\":\"es\"}]}<\/script>\n<!-- \/ Yoast SEO plugin. -->","yoast_head_json":{"title":"Tito Andr\u00f3nico - Vinar\u00f2s Arts Festival","description":"-1375","robots":{"index":"index","follow":"follow","max-snippet":"max-snippet:-1","max-image-preview":"max-image-preview:large","max-video-preview":"max-video-preview:-1"},"canonical":"https:\/\/artsfestival.vinaros.es\/es\/espectaculos\/tito-andronico\/","og_locale":"es_ES","og_type":"article","og_title":"Tito Andr\u00f3nico - Vinar\u00f2s Arts Festival","og_description":"-1375","og_url":"https:\/\/artsfestival.vinaros.es\/es\/espectaculos\/tito-andronico\/","og_site_name":"Vinar\u00f2s Arts Festival","article_modified_time":"2022-06-20T09:14:32+00:00","og_image":[{"width":1240,"height":828,"url":"https:\/\/artsfestival.vinaros.es\/wp-content\/uploads\/2022\/05\/vinaros-arts-festival-tito-andronico.jpg","type":"image\/jpeg"}],"twitter_card":"summary_large_image","twitter_misc":{"Tiempo de lectura":"1 minuto"},"schema":{"@context":"https:\/\/schema.org","@graph":[{"@type":"WebPage","@id":"https:\/\/artsfestival.vinaros.es\/es\/espectaculos\/tito-andronico\/","url":"https:\/\/artsfestival.vinaros.es\/es\/espectaculos\/tito-andronico\/","name":"Tito Andr\u00f3nico - Vinar\u00f2s Arts Festival","isPartOf":{"@id":"https:\/\/artsfestival.vinaros.es\/es\/#website"},"primaryImageOfPage":{"@id":"https:\/\/artsfestival.vinaros.es\/es\/espectaculos\/tito-andronico\/#primaryimage"},"image":{"@id":"https:\/\/artsfestival.vinaros.es\/es\/espectaculos\/tito-andronico\/#primaryimage"},"thumbnailUrl":"https:\/\/artsfestival.vinaros.es\/wp-content\/uploads\/2022\/05\/vinaros-arts-festival-tito-andronico.jpg","datePublished":"2022-05-27T15:18:57+00:00","dateModified":"2022-06-20T09:14:32+00:00","description":"-1375","breadcrumb":{"@id":"https:\/\/artsfestival.vinaros.es\/es\/espectaculos\/tito-andronico\/#breadcrumb"},"inLanguage":"es","potentialAction":[{"@type":"ReadAction","target":["https:\/\/artsfestival.vinaros.es\/es\/espectaculos\/tito-andronico\/"]}]},{"@type":"ImageObject","inLanguage":"es","@id":"https:\/\/artsfestival.vinaros.es\/es\/espectaculos\/tito-andronico\/#primaryimage","url":"https:\/\/artsfestival.vinaros.es\/wp-content\/uploads\/2022\/05\/vinaros-arts-festival-tito-andronico.jpg","contentUrl":"https:\/\/artsfestival.vinaros.es\/wp-content\/uploads\/2022\/05\/vinaros-arts-festival-tito-andronico.jpg","width":1240,"height":828},{"@type":"BreadcrumbList","@id":"https:\/\/artsfestival.vinaros.es\/es\/espectaculos\/tito-andronico\/#breadcrumb","itemListElement":[{"@type":"ListItem","position":1,"name":"Inicio","item":"https:\/\/artsfestival.vinaros.es\/es\/"},{"@type":"ListItem","position":2,"name":"Espect\u00e1culos","item":"https:\/\/artsfestival.vinaros.es\/es\/espectaculos\/"},{"@type":"ListItem","position":3,"name":"Tito Andr\u00f3nico"}]},{"@type":"WebSite","@id":"https:\/\/artsfestival.vinaros.es\/es\/#website","url":"https:\/\/artsfestival.vinaros.es\/es\/","name":"Vinar\u00f2s Arts Festival","description":"El festival de Vinar\u00f2s","potentialAction":[{"@type":"SearchAction","target":{"@type":"EntryPoint","urlTemplate":"https:\/\/artsfestival.vinaros.es\/es\/?s={search_term_string}"},"query-input":"required name=search_term_string"}],"inLanguage":"es"}]}},"_links":{"self":[{"href":"https:\/\/artsfestival.vinaros.es\/es\/wp-json\/wp\/v2\/esdeveniments\/376"}],"collection":[{"href":"https:\/\/artsfestival.vinaros.es\/es\/wp-json\/wp\/v2\/esdeveniments"}],"about":[{"href":"https:\/\/artsfestival.vinaros.es\/es\/wp-json\/wp\/v2\/types\/esdeveniments"}],"author":[{"embeddable":true,"href":"https:\/\/artsfestival.vinaros.es\/es\/wp-json\/wp\/v2\/users\/2"}],"version-history":[{"count":3,"href":"https:\/\/artsfestival.vinaros.es\/es\/wp-json\/wp\/v2\/esdeveniments\/376\/revisions"}],"predecessor-version":[{"id":379,"href":"https:\/\/artsfestival.vinaros.es\/es\/wp-json\/wp\/v2\/esdeveniments\/376\/revisions\/379"}],"wp:featuredmedia":[{"embeddable":true,"href":"https:\/\/artsfestival.vinaros.es\/es\/wp-json\/wp\/v2\/media\/323"}],"wp:attachment":[{"href":"https:\/\/artsfestival.vinaros.es\/es\/wp-json\/wp\/v2\/media?parent=376"}],"wp:term":[{"taxonomy":"tipus","embeddable":true,"href":"https:\/\/artsfestival.vinaros.es\/es\/wp-json\/wp\/v2\/tipus?post=376"},{"taxonomy":"disponibilitat","embeddable":true,"href":"https:\/\/artsfestival.vinaros.es\/es\/wp-json\/wp\/v2\/disponibilitat?post=376"}],"curies":[{"name":"wp","href":"https:\/\/api.w.org\/{rel}","templated":true}]}}

Tito Andrónico

<p>Después de diez años de guerra, Titus Andrònic vuelve al fin a Roma, victorioso y con la reina goda Tamora y sus tres hijos como prisioneros. Después de sacrificar, tal como ordenan los ritos sagrados, el mayor de ellos, Titus solo aspira a buscar tranquilidad y reposo, porque bajo su llevar gesto de general triunfante, vive también un hombre con el alma fatigada por la dureza de la lucha y la prematura muerte de la mayoría de sus hijos. Solo cinco quedan a su lado y, entre todos ellos, no puede disimular su devoción por Lavínia, en quien ve la esperanza de un futuro que quizás puede escapar a la violencia que lo ha acompañado a lo largo de la vida.  </p>

<p>Poco durará, sin embargo, la calma: enseguida se verá obligado a interceder en las intrigas políticas entre Bassiá y Saturní, dos hermanos enfrentados por su derecho en la corona del Imperio. El voto de Titus a favor de Saturní precipitará una cadena fatal de hechos que convergerán, siempre, en un instinto tan universal como peligroso: la venganza. </p>

<p>Después de diez años de guerra, Titus Andrònic vuelve al fin a Roma, victorioso y con [&hellip;]</p>

<!-- This site is optimized with the Yoast SEO plugin v22.6 - https://yoast.com/wordpress/plugins/seo/ -->
<title>Tito Andrónico - Vinaròs Arts Festival</title>
<meta name="description" content="-1375" />
<meta name="robots" content="index, follow, max-snippet:-1, max-image-preview:large, max-video-preview:-1" />
<link rel="canonical" href="https://artsfestival.vinaros.es/es/espectaculos/tito-andronico/" />
<meta property="og:locale" content="es_ES" />
<meta property="og:type" content="article" />
<meta property="og:title" content="Tito Andrónico - Vinaròs Arts Festival" />
<meta property="og:description" content="-1375" />
<meta property="og:url" content="https://artsfestival.vinaros.es/es/espectaculos/tito-andronico/" />
<meta property="og:site_name" content="Vinaròs Arts Festival" />
<meta property="article:modified_time" content="2022-06-20T09:14:32+00:00" />
<meta property="og:image" content="https://artsfestival.vinaros.es/wp-content/uploads/2022/05/vinaros-arts-festival-tito-andronico.jpg" />
	<meta property="og:image:width" content="1240" />
	<meta property="og:image:height" content="828" />
	<meta property="og:image:type" content="image/jpeg" />
<meta name="twitter:card" content="summary_large_image" />
<meta name="twitter:label1" content="Tiempo de lectura" />
	<meta name="twitter:data1" content="1 minuto" />
<script type="application/ld+json" class="yoast-schema-graph">{"@context":"https://schema.org","@graph":[{"@type":"WebPage","@id":"https://artsfestival.vinaros.es/es/espectaculos/tito-andronico/","url":"https://artsfestival.vinaros.es/es/espectaculos/tito-andronico/","name":"Tito Andrónico - Vinaròs Arts Festival","isPartOf":{"@id":"https://artsfestival.vinaros.es/es/#website"},"primaryImageOfPage":{"@id":"https://artsfestival.vinaros.es/es/espectaculos/tito-andronico/#primaryimage"},"image":{"@id":"https://artsfestival.vinaros.es/es/espectaculos/tito-andronico/#primaryimage"},"thumbnailUrl":"https://artsfestival.vinaros.es/wp-content/uploads/2022/05/vinaros-arts-festival-tito-andronico.jpg","datePublished":"2022-05-27T15:18:57+00:00","dateModified":"2022-06-20T09:14:32+00:00","description":"-1375","breadcrumb":{"@id":"https://artsfestival.vinaros.es/es/espectaculos/tito-andronico/#breadcrumb"},"inLanguage":"es","potentialAction":[{"@type":"ReadAction","target":["https://artsfestival.vinaros.es/es/espectaculos/tito-andronico/"]}]},{"@type":"ImageObject","inLanguage":"es","@id":"https://artsfestival.vinaros.es/es/espectaculos/tito-andronico/#primaryimage","url":"https://artsfestival.vinaros.es/wp-content/uploads/2022/05/vinaros-arts-festival-tito-andronico.jpg","contentUrl":"https://artsfestival.vinaros.es/wp-content/uploads/2022/05/vinaros-arts-festival-tito-andronico.jpg","width":1240,"height":828},{"@type":"BreadcrumbList","@id":"https://artsfestival.vinaros.es/es/espectaculos/tito-andronico/#breadcrumb","itemListElement":[{"@type":"ListItem","position":1,"name":"Inicio","item":"https://artsfestival.vinaros.es/es/"},{"@type":"ListItem","position":2,"name":"Espectáculos","item":"https://artsfestival.vinaros.es/es/espectaculos/"},{"@type":"ListItem","position":3,"name":"Tito Andrónico"}]},{"@type":"WebSite","@id":"https://artsfestival.vinaros.es/es/#website","url":"https://artsfestival.vinaros.es/es/","name":"Vinaròs Arts Festival","description":"El festival de Vinaròs","potentialAction":[{"@type":"SearchAction","target":{"@type":"EntryPoint","urlTemplate":"https://artsfestival.vinaros.es/es/?s={search_term_string}"},"query-input":"required name=search_term_string"}],"inLanguage":"es"}]}</script>
<!-- / Yoast SEO plugin. -->

Tito Andrónico - Vinaròs Arts Festival

Vinaròs Arts Festival

Espectáculos

El festival de Vinaròs
