{"id":380,"date":"2022-05-27T17:17:44","date_gmt":"2022-05-27T15:17:44","guid":{"rendered":"https:\/\/artsfestival.vinaros.es\/espectacles\/migrare\/"},"modified":"2022-06-09T16:31:50","modified_gmt":"2022-06-09T14:31:50","slug":"migrare","status":"publish","type":"esdeveniments","link":"https:\/\/artsfestival.vinaros.es\/es\/espectaculos\/migrare\/","title":{"rendered":"Migrare"},"content":{"rendered":"\n<p>Una historia conmovedora que explora los l\u00edmites del equilibrio con el movimiento.<\/p>\n\n<p>Cuatro mujeres y un espacio vac\u00edo. Vac\u00edo, pero minado de obst\u00e1culos y fronteras invisibles, de odios irracionales y prejuicios. Ellas tuvieron que dejar su tierra de origen y, ahora, el pa\u00eds de llegada las rechaza. Ellas lo transitan buscando su lugar. Un lugar donde poder vivir, donde permanecer, donde arraigar, donde poder ser. Un lugar al cual poder denominar \u00abhogar\u00bb. Solo piden esto. Y luchar\u00e1n para conseguirlo.       <\/p>\n\n<p>Este espect\u00e1culo es su lucha. La lucha de mujeres fuertes, valientes y, sobre todo, resilientes. <\/p>\n\n<p>La utilizaci\u00f3n de los zancos como elemento clave para contar una historia se ha convertido en un elemento que caracteriza y define la compa\u00f1\u00eda Fresa, y abre un universo de posibilidades para articular un di\u00e1logo entre la danza, el gesto y el equilibrio.<\/p>\n","protected":false},"excerpt":{"rendered":"<p>Una historia conmovedora que explora los l\u00edmites del equilibrio con el movimiento. Cuatro mujeres y un [&hellip;]<\/p>\n","protected":false},"author":2,"featured_media":322,"menu_order":0,"template":"","format":"standard","meta":{"inline_featured_image":false,"footnotes":""},"tipus":[],"disponibilitat":[14],"acf":[],"yoast_head":"<!-- This site is optimized with the Yoast SEO plugin v22.6 - https:\/\/yoast.com\/wordpress\/plugins\/seo\/ -->\n<title>Migrare - Vinar\u00f2s Arts Festival<\/title>\n<meta name=\"description\" content=\"-1375\" \/>\n<meta name=\"robots\" content=\"index, follow, max-snippet:-1, max-image-preview:large, max-video-preview:-1\" \/>\n<link rel=\"canonical\" href=\"https:\/\/artsfestival.vinaros.es\/es\/espectaculos\/migrare\/\" \/>\n<meta property=\"og:locale\" content=\"es_ES\" \/>\n<meta property=\"og:type\" content=\"article\" \/>\n<meta property=\"og:title\" content=\"Migrare - Vinar\u00f2s Arts Festival\" \/>\n<meta property=\"og:description\" content=\"-1375\" \/>\n<meta property=\"og:url\" content=\"https:\/\/artsfestival.vinaros.es\/es\/espectaculos\/migrare\/\" \/>\n<meta property=\"og:site_name\" content=\"Vinar\u00f2s Arts Festival\" \/>\n<meta property=\"article:modified_time\" content=\"2022-06-09T14:31:50+00:00\" \/>\n<meta property=\"og:image\" content=\"https:\/\/artsfestival.vinaros.es\/wp-content\/uploads\/2022\/05\/vinaros-arts-festival-migrare.jpg\" \/>\n\t<meta property=\"og:image:width\" content=\"1200\" \/>\n\t<meta property=\"og:image:height\" content=\"800\" \/>\n\t<meta property=\"og:image:type\" content=\"image\/jpeg\" \/>\n<meta name=\"twitter:card\" content=\"summary_large_image\" \/>\n<meta name=\"twitter:label1\" content=\"Tiempo de lectura\" \/>\n\t<meta name=\"twitter:data1\" content=\"1 minuto\" \/>\n<script type=\"application\/ld+json\" class=\"yoast-schema-graph\">{\"@context\":\"https:\/\/schema.org\",\"@graph\":[{\"@type\":\"WebPage\",\"@id\":\"https:\/\/artsfestival.vinaros.es\/es\/espectaculos\/migrare\/\",\"url\":\"https:\/\/artsfestival.vinaros.es\/es\/espectaculos\/migrare\/\",\"name\":\"Migrare - Vinar\u00f2s Arts Festival\",\"isPartOf\":{\"@id\":\"https:\/\/artsfestival.vinaros.es\/es\/#website\"},\"primaryImageOfPage\":{\"@id\":\"https:\/\/artsfestival.vinaros.es\/es\/espectaculos\/migrare\/#primaryimage\"},\"image\":{\"@id\":\"https:\/\/artsfestival.vinaros.es\/es\/espectaculos\/migrare\/#primaryimage\"},\"thumbnailUrl\":\"https:\/\/artsfestival.vinaros.es\/wp-content\/uploads\/2022\/05\/vinaros-arts-festival-migrare.jpg\",\"datePublished\":\"2022-05-27T15:17:44+00:00\",\"dateModified\":\"2022-06-09T14:31:50+00:00\",\"description\":\"-1375\",\"breadcrumb\":{\"@id\":\"https:\/\/artsfestival.vinaros.es\/es\/espectaculos\/migrare\/#breadcrumb\"},\"inLanguage\":\"es\",\"potentialAction\":[{\"@type\":\"ReadAction\",\"target\":[\"https:\/\/artsfestival.vinaros.es\/es\/espectaculos\/migrare\/\"]}]},{\"@type\":\"ImageObject\",\"inLanguage\":\"es\",\"@id\":\"https:\/\/artsfestival.vinaros.es\/es\/espectaculos\/migrare\/#primaryimage\",\"url\":\"https:\/\/artsfestival.vinaros.es\/wp-content\/uploads\/2022\/05\/vinaros-arts-festival-migrare.jpg\",\"contentUrl\":\"https:\/\/artsfestival.vinaros.es\/wp-content\/uploads\/2022\/05\/vinaros-arts-festival-migrare.jpg\",\"width\":1200,\"height\":800},{\"@type\":\"BreadcrumbList\",\"@id\":\"https:\/\/artsfestival.vinaros.es\/es\/espectaculos\/migrare\/#breadcrumb\",\"itemListElement\":[{\"@type\":\"ListItem\",\"position\":1,\"name\":\"Inicio\",\"item\":\"https:\/\/artsfestival.vinaros.es\/es\/\"},{\"@type\":\"ListItem\",\"position\":2,\"name\":\"Espect\u00e1culos\",\"item\":\"https:\/\/artsfestival.vinaros.es\/es\/espectaculos\/\"},{\"@type\":\"ListItem\",\"position\":3,\"name\":\"Migrare\"}]},{\"@type\":\"WebSite\",\"@id\":\"https:\/\/artsfestival.vinaros.es\/es\/#website\",\"url\":\"https:\/\/artsfestival.vinaros.es\/es\/\",\"name\":\"Vinar\u00f2s Arts Festival\",\"description\":\"El festival de Vinar\u00f2s\",\"potentialAction\":[{\"@type\":\"SearchAction\",\"target\":{\"@type\":\"EntryPoint\",\"urlTemplate\":\"https:\/\/artsfestival.vinaros.es\/es\/?s={search_term_string}\"},\"query-input\":\"required name=search_term_string\"}],\"inLanguage\":\"es\"}]}<\/script>\n<!-- \/ Yoast SEO plugin. -->","yoast_head_json":{"title":"Migrare - Vinar\u00f2s Arts Festival","description":"-1375","robots":{"index":"index","follow":"follow","max-snippet":"max-snippet:-1","max-image-preview":"max-image-preview:large","max-video-preview":"max-video-preview:-1"},"canonical":"https:\/\/artsfestival.vinaros.es\/es\/espectaculos\/migrare\/","og_locale":"es_ES","og_type":"article","og_title":"Migrare - Vinar\u00f2s Arts Festival","og_description":"-1375","og_url":"https:\/\/artsfestival.vinaros.es\/es\/espectaculos\/migrare\/","og_site_name":"Vinar\u00f2s Arts Festival","article_modified_time":"2022-06-09T14:31:50+00:00","og_image":[{"width":1200,"height":800,"url":"https:\/\/artsfestival.vinaros.es\/wp-content\/uploads\/2022\/05\/vinaros-arts-festival-migrare.jpg","type":"image\/jpeg"}],"twitter_card":"summary_large_image","twitter_misc":{"Tiempo de lectura":"1 minuto"},"schema":{"@context":"https:\/\/schema.org","@graph":[{"@type":"WebPage","@id":"https:\/\/artsfestival.vinaros.es\/es\/espectaculos\/migrare\/","url":"https:\/\/artsfestival.vinaros.es\/es\/espectaculos\/migrare\/","name":"Migrare - Vinar\u00f2s Arts Festival","isPartOf":{"@id":"https:\/\/artsfestival.vinaros.es\/es\/#website"},"primaryImageOfPage":{"@id":"https:\/\/artsfestival.vinaros.es\/es\/espectaculos\/migrare\/#primaryimage"},"image":{"@id":"https:\/\/artsfestival.vinaros.es\/es\/espectaculos\/migrare\/#primaryimage"},"thumbnailUrl":"https:\/\/artsfestival.vinaros.es\/wp-content\/uploads\/2022\/05\/vinaros-arts-festival-migrare.jpg","datePublished":"2022-05-27T15:17:44+00:00","dateModified":"2022-06-09T14:31:50+00:00","description":"-1375","breadcrumb":{"@id":"https:\/\/artsfestival.vinaros.es\/es\/espectaculos\/migrare\/#breadcrumb"},"inLanguage":"es","potentialAction":[{"@type":"ReadAction","target":["https:\/\/artsfestival.vinaros.es\/es\/espectaculos\/migrare\/"]}]},{"@type":"ImageObject","inLanguage":"es","@id":"https:\/\/artsfestival.vinaros.es\/es\/espectaculos\/migrare\/#primaryimage","url":"https:\/\/artsfestival.vinaros.es\/wp-content\/uploads\/2022\/05\/vinaros-arts-festival-migrare.jpg","contentUrl":"https:\/\/artsfestival.vinaros.es\/wp-content\/uploads\/2022\/05\/vinaros-arts-festival-migrare.jpg","width":1200,"height":800},{"@type":"BreadcrumbList","@id":"https:\/\/artsfestival.vinaros.es\/es\/espectaculos\/migrare\/#breadcrumb","itemListElement":[{"@type":"ListItem","position":1,"name":"Inicio","item":"https:\/\/artsfestival.vinaros.es\/es\/"},{"@type":"ListItem","position":2,"name":"Espect\u00e1culos","item":"https:\/\/artsfestival.vinaros.es\/es\/espectaculos\/"},{"@type":"ListItem","position":3,"name":"Migrare"}]},{"@type":"WebSite","@id":"https:\/\/artsfestival.vinaros.es\/es\/#website","url":"https:\/\/artsfestival.vinaros.es\/es\/","name":"Vinar\u00f2s Arts Festival","description":"El festival de Vinar\u00f2s","potentialAction":[{"@type":"SearchAction","target":{"@type":"EntryPoint","urlTemplate":"https:\/\/artsfestival.vinaros.es\/es\/?s={search_term_string}"},"query-input":"required name=search_term_string"}],"inLanguage":"es"}]}},"_links":{"self":[{"href":"https:\/\/artsfestival.vinaros.es\/es\/wp-json\/wp\/v2\/esdeveniments\/380"}],"collection":[{"href":"https:\/\/artsfestival.vinaros.es\/es\/wp-json\/wp\/v2\/esdeveniments"}],"about":[{"href":"https:\/\/artsfestival.vinaros.es\/es\/wp-json\/wp\/v2\/types\/esdeveniments"}],"author":[{"embeddable":true,"href":"https:\/\/artsfestival.vinaros.es\/es\/wp-json\/wp\/v2\/users\/2"}],"version-history":[{"count":1,"href":"https:\/\/artsfestival.vinaros.es\/es\/wp-json\/wp\/v2\/esdeveniments\/380\/revisions"}],"predecessor-version":[{"id":381,"href":"https:\/\/artsfestival.vinaros.es\/es\/wp-json\/wp\/v2\/esdeveniments\/380\/revisions\/381"}],"wp:featuredmedia":[{"embeddable":true,"href":"https:\/\/artsfestival.vinaros.es\/es\/wp-json\/wp\/v2\/media\/322"}],"wp:attachment":[{"href":"https:\/\/artsfestival.vinaros.es\/es\/wp-json\/wp\/v2\/media?parent=380"}],"wp:term":[{"taxonomy":"tipus","embeddable":true,"href":"https:\/\/artsfestival.vinaros.es\/es\/wp-json\/wp\/v2\/tipus?post=380"},{"taxonomy":"disponibilitat","embeddable":true,"href":"https:\/\/artsfestival.vinaros.es\/es\/wp-json\/wp\/v2\/disponibilitat?post=380"}],"curies":[{"name":"wp","href":"https:\/\/api.w.org\/{rel}","templated":true}]}}

<p>Una historia conmovedora que explora los límites del equilibrio con el movimiento.</p>

<p>Cuatro mujeres y un espacio vacío. Vacío, pero minado de obstáculos y fronteras invisibles, de odios irracionales y prejuicios. Ellas tuvieron que dejar su tierra de origen y, ahora, el país de llegada las rechaza. Ellas lo transitan buscando su lugar. Un lugar donde poder vivir, donde permanecer, donde arraigar, donde poder ser. Un lugar al cual poder denominar «hogar». Solo piden esto. Y lucharán para conseguirlo.       </p>

<p>Este espectáculo es su lucha. La lucha de mujeres fuertes, valientes y, sobre todo, resilientes. </p>

<p>La utilización de los zancos como elemento clave para contar una historia se ha convertido en un elemento que caracteriza y define la compañía Fresa, y abre un universo de posibilidades para articular un diálogo entre la danza, el gesto y el equilibrio.</p>

<p>Una historia conmovedora que explora los límites del equilibrio con el movimiento. Cuatro mujeres y un [&hellip;]</p>

<!-- This site is optimized with the Yoast SEO plugin v22.6 - https://yoast.com/wordpress/plugins/seo/ -->
<title>Migrare - Vinaròs Arts Festival</title>
<meta name="description" content="-1375" />
<meta name="robots" content="index, follow, max-snippet:-1, max-image-preview:large, max-video-preview:-1" />
<link rel="canonical" href="https://artsfestival.vinaros.es/es/espectaculos/migrare/" />
<meta property="og:locale" content="es_ES" />
<meta property="og:type" content="article" />
<meta property="og:title" content="Migrare - Vinaròs Arts Festival" />
<meta property="og:description" content="-1375" />
<meta property="og:url" content="https://artsfestival.vinaros.es/es/espectaculos/migrare/" />
<meta property="og:site_name" content="Vinaròs Arts Festival" />
<meta property="article:modified_time" content="2022-06-09T14:31:50+00:00" />
<meta property="og:image" content="https://artsfestival.vinaros.es/wp-content/uploads/2022/05/vinaros-arts-festival-migrare.jpg" />
	<meta property="og:image:width" content="1200" />
	<meta property="og:image:height" content="800" />
	<meta property="og:image:type" content="image/jpeg" />
<meta name="twitter:card" content="summary_large_image" />
<meta name="twitter:label1" content="Tiempo de lectura" />
	<meta name="twitter:data1" content="1 minuto" />
<script type="application/ld+json" class="yoast-schema-graph">{"@context":"https://schema.org","@graph":[{"@type":"WebPage","@id":"https://artsfestival.vinaros.es/es/espectaculos/migrare/","url":"https://artsfestival.vinaros.es/es/espectaculos/migrare/","name":"Migrare - Vinaròs Arts Festival","isPartOf":{"@id":"https://artsfestival.vinaros.es/es/#website"},"primaryImageOfPage":{"@id":"https://artsfestival.vinaros.es/es/espectaculos/migrare/#primaryimage"},"image":{"@id":"https://artsfestival.vinaros.es/es/espectaculos/migrare/#primaryimage"},"thumbnailUrl":"https://artsfestival.vinaros.es/wp-content/uploads/2022/05/vinaros-arts-festival-migrare.jpg","datePublished":"2022-05-27T15:17:44+00:00","dateModified":"2022-06-09T14:31:50+00:00","description":"-1375","breadcrumb":{"@id":"https://artsfestival.vinaros.es/es/espectaculos/migrare/#breadcrumb"},"inLanguage":"es","potentialAction":[{"@type":"ReadAction","target":["https://artsfestival.vinaros.es/es/espectaculos/migrare/"]}]},{"@type":"ImageObject","inLanguage":"es","@id":"https://artsfestival.vinaros.es/es/espectaculos/migrare/#primaryimage","url":"https://artsfestival.vinaros.es/wp-content/uploads/2022/05/vinaros-arts-festival-migrare.jpg","contentUrl":"https://artsfestival.vinaros.es/wp-content/uploads/2022/05/vinaros-arts-festival-migrare.jpg","width":1200,"height":800},{"@type":"BreadcrumbList","@id":"https://artsfestival.vinaros.es/es/espectaculos/migrare/#breadcrumb","itemListElement":[{"@type":"ListItem","position":1,"name":"Inicio","item":"https://artsfestival.vinaros.es/es/"},{"@type":"ListItem","position":2,"name":"Espectáculos","item":"https://artsfestival.vinaros.es/es/espectaculos/"},{"@type":"ListItem","position":3,"name":"Migrare"}]},{"@type":"WebSite","@id":"https://artsfestival.vinaros.es/es/#website","url":"https://artsfestival.vinaros.es/es/","name":"Vinaròs Arts Festival","description":"El festival de Vinaròs","potentialAction":[{"@type":"SearchAction","target":{"@type":"EntryPoint","urlTemplate":"https://artsfestival.vinaros.es/es/?s={search_term_string}"},"query-input":"required name=search_term_string"}],"inLanguage":"es"}]}</script>
<!-- / Yoast SEO plugin. -->

Migrare - Vinaròs Arts Festival

Vinaròs Arts Festival

Espectáculos

El festival de Vinaròs
