{"id":513,"date":"2020-07-05T14:56:00","date_gmt":"2020-07-05T12:56:00","guid":{"rendered":"https:\/\/artsfestival.vinaros.es\/espectacles\/el-lazarillo-de-tormes\/"},"modified":"2022-06-09T15:31:43","modified_gmt":"2022-06-09T13:31:43","slug":"el-lazarillo-de-tormes","status":"publish","type":"esdeveniments","link":"https:\/\/artsfestival.vinaros.es\/es\/espectaculos\/el-lazarillo-de-tormes\/","title":{"rendered":"El lazarillo de Tormes"},"content":{"rendered":"\n<p><em>D\u00e9jenme decirles algo: jam\u00e1s abandonar\u00e9 al Lazarillo.<\/em><\/p>\n\n<p>Cada vez que lo represento disfruto especialmente. Nunca he dejado de conectar con el p\u00fablico de una manera especial. La satisfacci\u00f3n del gozo no se puede fingir y yo gozo de veras con esta obra.  <\/p>\n\n<p>El Lazarillo y yo hemos recibido mucho m\u00e1s de lo que ambos hemos dado. La compensaci\u00f3n afectiva y emocional es muy grande y el alivio y la tranquilidad mayor. Esta criatura de ficci\u00f3n naci\u00f3 con un destino muy especial y por eso sigue aqu\u00ed.  <\/p>\n\n<p>Como desde el primer d\u00eda, siento un enorme privilegio al poder entregar mi voz y mi cuerpo a esta joya de la literatura. Este ente del mundo imaginario podr\u00eda cambiar el mundo real porque hace del hambre y la necesidad un arte, la recicla en sabidur\u00eda. Frente al dolor tenemos dos caminos: la queja o el arte. Y con iron\u00eda, parte del estado del necio, camina por el aprendizaje y alcanza la sabidur\u00eda. El Lazarillo trata de la marginaci\u00f3n, el hambre y la vivencia dura de la infancia. Los paralelismos entre el mundo del infante que acompa\u00f1a al ciego y la situaci\u00f3n de tantos ni\u00f1os del tercer mundo que mueren de inanici\u00f3n son obvias. La historia se repite una y otra vez.      <\/p>\n\n<p>Como casi siempre, esta situaci\u00f3n es la consecuencia de un mundo de desequilibrios en el que los bienes est\u00e1n descompensados. Y nace de la falta de conciencia ante el valor de la vida. <\/p>\n\n<p>La obra afronta un problema universal: hoy tambi\u00e9n la apetencia actual se mueve en torno a la ambici\u00f3n y el poder. Es como una met\u00e1fora que todo el mundo entiende, es un mundo, un pozo de vida y significados que te conducen. Nace en una \u00e9poca de enormes desequilibrios entre el mundo oficial de la Corte y el real, de hambre. Y antes al igual que ahora, no se puede ser feliz en un mundo desgraciado, porque las vidas maltratadas tienen que ver con la tuya. Al menos yo no puedo.    <\/p>\n\n<p>Por todo esto, porque Fern\u00e1n G\u00f3mez supo capturar el alma de este p\u00edcaro, porque me apasiona recitar sus andanzas por los teatros; aqu\u00ed est\u00e1 este maravilloso relato, primordial para m\u00ed, como lo es servir la necesidad del p\u00fablico a cada momento. Una necesidad que puede ser de diversi\u00f3n, de esclarecimiento, de relajo, de un silencio o de un grito. A saber.  <\/p>\n\n<p>RAFAEL \u00c1LVAREZ, EL BRUJO<\/p>\n","protected":false},"excerpt":{"rendered":"<p>D\u00e9jenme decirles algo: jam\u00e1s abandonar\u00e9 al Lazarillo. Cada vez que lo represento disfruto especialmente. Nunca he [&hellip;]<\/p>\n","protected":false},"author":2,"featured_media":501,"menu_order":0,"template":"","format":"standard","meta":{"inline_featured_image":false,"footnotes":""},"tipus":[],"disponibilitat":[],"acf":[],"yoast_head":"<!-- This site is optimized with the Yoast SEO plugin v22.6 - https:\/\/yoast.com\/wordpress\/plugins\/seo\/ -->\n<title>El lazarillo de Tormes - Vinar\u00f2s Arts Festival<\/title>\n<meta name=\"robots\" content=\"index, follow, max-snippet:-1, max-image-preview:large, max-video-preview:-1\" \/>\n<link rel=\"canonical\" href=\"https:\/\/artsfestival.vinaros.es\/es\/espectaculos\/el-lazarillo-de-tormes\/\" \/>\n<meta property=\"og:locale\" content=\"es_ES\" \/>\n<meta property=\"og:type\" content=\"article\" \/>\n<meta property=\"og:title\" content=\"El lazarillo de Tormes - Vinar\u00f2s Arts Festival\" \/>\n<meta property=\"og:description\" content=\"D\u00e9jenme decirles algo: jam\u00e1s abandonar\u00e9 al Lazarillo. Cada vez que lo represento disfruto especialmente. Nunca he [&hellip;]\" \/>\n<meta property=\"og:url\" content=\"https:\/\/artsfestival.vinaros.es\/es\/espectaculos\/el-lazarillo-de-tormes\/\" \/>\n<meta property=\"og:site_name\" content=\"Vinar\u00f2s Arts Festival\" \/>\n<meta property=\"article:modified_time\" content=\"2022-06-09T13:31:43+00:00\" \/>\n<meta property=\"og:image\" content=\"https:\/\/artsfestival.vinaros.es\/wp-content\/uploads\/2022\/06\/vinaros-arts-festival-lazarillo-de-tormes.jpg\" \/>\n\t<meta property=\"og:image:width\" content=\"1706\" \/>\n\t<meta property=\"og:image:height\" content=\"1280\" \/>\n\t<meta property=\"og:image:type\" content=\"image\/jpeg\" \/>\n<meta name=\"twitter:card\" content=\"summary_large_image\" \/>\n<meta name=\"twitter:label1\" content=\"Tiempo de lectura\" \/>\n\t<meta name=\"twitter:data1\" content=\"2 minutos\" \/>\n<script type=\"application\/ld+json\" class=\"yoast-schema-graph\">{\"@context\":\"https:\/\/schema.org\",\"@graph\":[{\"@type\":\"WebPage\",\"@id\":\"https:\/\/artsfestival.vinaros.es\/es\/espectaculos\/el-lazarillo-de-tormes\/\",\"url\":\"https:\/\/artsfestival.vinaros.es\/es\/espectaculos\/el-lazarillo-de-tormes\/\",\"name\":\"El lazarillo de Tormes - Vinar\u00f2s Arts Festival\",\"isPartOf\":{\"@id\":\"https:\/\/artsfestival.vinaros.es\/es\/#website\"},\"primaryImageOfPage\":{\"@id\":\"https:\/\/artsfestival.vinaros.es\/es\/espectaculos\/el-lazarillo-de-tormes\/#primaryimage\"},\"image\":{\"@id\":\"https:\/\/artsfestival.vinaros.es\/es\/espectaculos\/el-lazarillo-de-tormes\/#primaryimage\"},\"thumbnailUrl\":\"https:\/\/artsfestival.vinaros.es\/wp-content\/uploads\/2022\/06\/vinaros-arts-festival-lazarillo-de-tormes.jpg\",\"datePublished\":\"2020-07-05T12:56:00+00:00\",\"dateModified\":\"2022-06-09T13:31:43+00:00\",\"breadcrumb\":{\"@id\":\"https:\/\/artsfestival.vinaros.es\/es\/espectaculos\/el-lazarillo-de-tormes\/#breadcrumb\"},\"inLanguage\":\"es\",\"potentialAction\":[{\"@type\":\"ReadAction\",\"target\":[\"https:\/\/artsfestival.vinaros.es\/es\/espectaculos\/el-lazarillo-de-tormes\/\"]}]},{\"@type\":\"ImageObject\",\"inLanguage\":\"es\",\"@id\":\"https:\/\/artsfestival.vinaros.es\/es\/espectaculos\/el-lazarillo-de-tormes\/#primaryimage\",\"url\":\"https:\/\/artsfestival.vinaros.es\/wp-content\/uploads\/2022\/06\/vinaros-arts-festival-lazarillo-de-tormes.jpg\",\"contentUrl\":\"https:\/\/artsfestival.vinaros.es\/wp-content\/uploads\/2022\/06\/vinaros-arts-festival-lazarillo-de-tormes.jpg\",\"width\":1706,\"height\":1280},{\"@type\":\"BreadcrumbList\",\"@id\":\"https:\/\/artsfestival.vinaros.es\/es\/espectaculos\/el-lazarillo-de-tormes\/#breadcrumb\",\"itemListElement\":[{\"@type\":\"ListItem\",\"position\":1,\"name\":\"Inicio\",\"item\":\"https:\/\/artsfestival.vinaros.es\/es\/\"},{\"@type\":\"ListItem\",\"position\":2,\"name\":\"Espect\u00e1culos\",\"item\":\"https:\/\/artsfestival.vinaros.es\/es\/espectaculos\/\"},{\"@type\":\"ListItem\",\"position\":3,\"name\":\"El lazarillo de Tormes\"}]},{\"@type\":\"WebSite\",\"@id\":\"https:\/\/artsfestival.vinaros.es\/es\/#website\",\"url\":\"https:\/\/artsfestival.vinaros.es\/es\/\",\"name\":\"Vinar\u00f2s Arts Festival\",\"description\":\"El festival de Vinar\u00f2s\",\"potentialAction\":[{\"@type\":\"SearchAction\",\"target\":{\"@type\":\"EntryPoint\",\"urlTemplate\":\"https:\/\/artsfestival.vinaros.es\/es\/?s={search_term_string}\"},\"query-input\":\"required name=search_term_string\"}],\"inLanguage\":\"es\"}]}<\/script>\n<!-- \/ Yoast SEO plugin. -->","yoast_head_json":{"title":"El lazarillo de Tormes - Vinar\u00f2s Arts Festival","robots":{"index":"index","follow":"follow","max-snippet":"max-snippet:-1","max-image-preview":"max-image-preview:large","max-video-preview":"max-video-preview:-1"},"canonical":"https:\/\/artsfestival.vinaros.es\/es\/espectaculos\/el-lazarillo-de-tormes\/","og_locale":"es_ES","og_type":"article","og_title":"El lazarillo de Tormes - Vinar\u00f2s Arts Festival","og_description":"D\u00e9jenme decirles algo: jam\u00e1s abandonar\u00e9 al Lazarillo. Cada vez que lo represento disfruto especialmente. Nunca he [&hellip;]","og_url":"https:\/\/artsfestival.vinaros.es\/es\/espectaculos\/el-lazarillo-de-tormes\/","og_site_name":"Vinar\u00f2s Arts Festival","article_modified_time":"2022-06-09T13:31:43+00:00","og_image":[{"width":1706,"height":1280,"url":"https:\/\/artsfestival.vinaros.es\/wp-content\/uploads\/2022\/06\/vinaros-arts-festival-lazarillo-de-tormes.jpg","type":"image\/jpeg"}],"twitter_card":"summary_large_image","twitter_misc":{"Tiempo de lectura":"2 minutos"},"schema":{"@context":"https:\/\/schema.org","@graph":[{"@type":"WebPage","@id":"https:\/\/artsfestival.vinaros.es\/es\/espectaculos\/el-lazarillo-de-tormes\/","url":"https:\/\/artsfestival.vinaros.es\/es\/espectaculos\/el-lazarillo-de-tormes\/","name":"El lazarillo de Tormes - Vinar\u00f2s Arts Festival","isPartOf":{"@id":"https:\/\/artsfestival.vinaros.es\/es\/#website"},"primaryImageOfPage":{"@id":"https:\/\/artsfestival.vinaros.es\/es\/espectaculos\/el-lazarillo-de-tormes\/#primaryimage"},"image":{"@id":"https:\/\/artsfestival.vinaros.es\/es\/espectaculos\/el-lazarillo-de-tormes\/#primaryimage"},"thumbnailUrl":"https:\/\/artsfestival.vinaros.es\/wp-content\/uploads\/2022\/06\/vinaros-arts-festival-lazarillo-de-tormes.jpg","datePublished":"2020-07-05T12:56:00+00:00","dateModified":"2022-06-09T13:31:43+00:00","breadcrumb":{"@id":"https:\/\/artsfestival.vinaros.es\/es\/espectaculos\/el-lazarillo-de-tormes\/#breadcrumb"},"inLanguage":"es","potentialAction":[{"@type":"ReadAction","target":["https:\/\/artsfestival.vinaros.es\/es\/espectaculos\/el-lazarillo-de-tormes\/"]}]},{"@type":"ImageObject","inLanguage":"es","@id":"https:\/\/artsfestival.vinaros.es\/es\/espectaculos\/el-lazarillo-de-tormes\/#primaryimage","url":"https:\/\/artsfestival.vinaros.es\/wp-content\/uploads\/2022\/06\/vinaros-arts-festival-lazarillo-de-tormes.jpg","contentUrl":"https:\/\/artsfestival.vinaros.es\/wp-content\/uploads\/2022\/06\/vinaros-arts-festival-lazarillo-de-tormes.jpg","width":1706,"height":1280},{"@type":"BreadcrumbList","@id":"https:\/\/artsfestival.vinaros.es\/es\/espectaculos\/el-lazarillo-de-tormes\/#breadcrumb","itemListElement":[{"@type":"ListItem","position":1,"name":"Inicio","item":"https:\/\/artsfestival.vinaros.es\/es\/"},{"@type":"ListItem","position":2,"name":"Espect\u00e1culos","item":"https:\/\/artsfestival.vinaros.es\/es\/espectaculos\/"},{"@type":"ListItem","position":3,"name":"El lazarillo de Tormes"}]},{"@type":"WebSite","@id":"https:\/\/artsfestival.vinaros.es\/es\/#website","url":"https:\/\/artsfestival.vinaros.es\/es\/","name":"Vinar\u00f2s Arts Festival","description":"El festival de Vinar\u00f2s","potentialAction":[{"@type":"SearchAction","target":{"@type":"EntryPoint","urlTemplate":"https:\/\/artsfestival.vinaros.es\/es\/?s={search_term_string}"},"query-input":"required name=search_term_string"}],"inLanguage":"es"}]}},"_links":{"self":[{"href":"https:\/\/artsfestival.vinaros.es\/es\/wp-json\/wp\/v2\/esdeveniments\/513"}],"collection":[{"href":"https:\/\/artsfestival.vinaros.es\/es\/wp-json\/wp\/v2\/esdeveniments"}],"about":[{"href":"https:\/\/artsfestival.vinaros.es\/es\/wp-json\/wp\/v2\/types\/esdeveniments"}],"author":[{"embeddable":true,"href":"https:\/\/artsfestival.vinaros.es\/es\/wp-json\/wp\/v2\/users\/2"}],"version-history":[{"count":2,"href":"https:\/\/artsfestival.vinaros.es\/es\/wp-json\/wp\/v2\/esdeveniments\/513\/revisions"}],"predecessor-version":[{"id":518,"href":"https:\/\/artsfestival.vinaros.es\/es\/wp-json\/wp\/v2\/esdeveniments\/513\/revisions\/518"}],"wp:featuredmedia":[{"embeddable":true,"href":"https:\/\/artsfestival.vinaros.es\/es\/wp-json\/wp\/v2\/media\/501"}],"wp:attachment":[{"href":"https:\/\/artsfestival.vinaros.es\/es\/wp-json\/wp\/v2\/media?parent=513"}],"wp:term":[{"taxonomy":"tipus","embeddable":true,"href":"https:\/\/artsfestival.vinaros.es\/es\/wp-json\/wp\/v2\/tipus?post=513"},{"taxonomy":"disponibilitat","embeddable":true,"href":"https:\/\/artsfestival.vinaros.es\/es\/wp-json\/wp\/v2\/disponibilitat?post=513"}],"curies":[{"name":"wp","href":"https:\/\/api.w.org\/{rel}","templated":true}]}}

<p><em>Déjenme decirles algo: jamás abandonaré al Lazarillo.</em></p>

<p>Cada vez que lo represento disfruto especialmente. Nunca he dejado de conectar con el público de una manera especial. La satisfacción del gozo no se puede fingir y yo gozo de veras con esta obra.  </p>

<p>El Lazarillo y yo hemos recibido mucho más de lo que ambos hemos dado. La compensación afectiva y emocional es muy grande y el alivio y la tranquilidad mayor. Esta criatura de ficción nació con un destino muy especial y por eso sigue aquí.  </p>

<p>Como desde el primer día, siento un enorme privilegio al poder entregar mi voz y mi cuerpo a esta joya de la literatura. Este ente del mundo imaginario podría cambiar el mundo real porque hace del hambre y la necesidad un arte, la recicla en sabiduría. Frente al dolor tenemos dos caminos: la queja o el arte. Y con ironía, parte del estado del necio, camina por el aprendizaje y alcanza la sabiduría. El Lazarillo trata de la marginación, el hambre y la vivencia dura de la infancia. Los paralelismos entre el mundo del infante que acompaña al ciego y la situación de tantos niños del tercer mundo que mueren de inanición son obvias. La historia se repite una y otra vez.      </p>

<p>Como casi siempre, esta situación es la consecuencia de un mundo de desequilibrios en el que los bienes están descompensados. Y nace de la falta de conciencia ante el valor de la vida. </p>

<p>La obra afronta un problema universal: hoy también la apetencia actual se mueve en torno a la ambición y el poder. Es como una metáfora que todo el mundo entiende, es un mundo, un pozo de vida y significados que te conducen. Nace en una época de enormes desequilibrios entre el mundo oficial de la Corte y el real, de hambre. Y antes al igual que ahora, no se puede ser feliz en un mundo desgraciado, porque las vidas maltratadas tienen que ver con la tuya. Al menos yo no puedo.    </p>

<p>Por todo esto, porque Fernán Gómez supo capturar el alma de este pícaro, porque me apasiona recitar sus andanzas por los teatros; aquí está este maravilloso relato, primordial para mí, como lo es servir la necesidad del público a cada momento. Una necesidad que puede ser de diversión, de esclarecimiento, de relajo, de un silencio o de un grito. A saber.  </p>

<p>RAFAEL ÁLVAREZ, EL BRUJO</p>

<p>Déjenme decirles algo: jamás abandonaré al Lazarillo. Cada vez que lo represento disfruto especialmente. Nunca he [&hellip;]</p>

<!-- This site is optimized with the Yoast SEO plugin v22.6 - https://yoast.com/wordpress/plugins/seo/ -->
<title>El lazarillo de Tormes - Vinaròs Arts Festival</title>
<meta name="robots" content="index, follow, max-snippet:-1, max-image-preview:large, max-video-preview:-1" />
<link rel="canonical" href="https://artsfestival.vinaros.es/es/espectaculos/el-lazarillo-de-tormes/" />
<meta property="og:locale" content="es_ES" />
<meta property="og:type" content="article" />
<meta property="og:title" content="El lazarillo de Tormes - Vinaròs Arts Festival" />
<meta property="og:description" content="Déjenme decirles algo: jamás abandonaré al Lazarillo. Cada vez que lo represento disfruto especialmente. Nunca he [&hellip;]" />
<meta property="og:url" content="https://artsfestival.vinaros.es/es/espectaculos/el-lazarillo-de-tormes/" />
<meta property="og:site_name" content="Vinaròs Arts Festival" />
<meta property="article:modified_time" content="2022-06-09T13:31:43+00:00" />
<meta property="og:image" content="https://artsfestival.vinaros.es/wp-content/uploads/2022/06/vinaros-arts-festival-lazarillo-de-tormes.jpg" />
	<meta property="og:image:width" content="1706" />
	<meta property="og:image:height" content="1280" />
	<meta property="og:image:type" content="image/jpeg" />
<meta name="twitter:card" content="summary_large_image" />
<meta name="twitter:label1" content="Tiempo de lectura" />
	<meta name="twitter:data1" content="2 minutos" />
<script type="application/ld+json" class="yoast-schema-graph">{"@context":"https://schema.org","@graph":[{"@type":"WebPage","@id":"https://artsfestival.vinaros.es/es/espectaculos/el-lazarillo-de-tormes/","url":"https://artsfestival.vinaros.es/es/espectaculos/el-lazarillo-de-tormes/","name":"El lazarillo de Tormes - Vinaròs Arts Festival","isPartOf":{"@id":"https://artsfestival.vinaros.es/es/#website"},"primaryImageOfPage":{"@id":"https://artsfestival.vinaros.es/es/espectaculos/el-lazarillo-de-tormes/#primaryimage"},"image":{"@id":"https://artsfestival.vinaros.es/es/espectaculos/el-lazarillo-de-tormes/#primaryimage"},"thumbnailUrl":"https://artsfestival.vinaros.es/wp-content/uploads/2022/06/vinaros-arts-festival-lazarillo-de-tormes.jpg","datePublished":"2020-07-05T12:56:00+00:00","dateModified":"2022-06-09T13:31:43+00:00","breadcrumb":{"@id":"https://artsfestival.vinaros.es/es/espectaculos/el-lazarillo-de-tormes/#breadcrumb"},"inLanguage":"es","potentialAction":[{"@type":"ReadAction","target":["https://artsfestival.vinaros.es/es/espectaculos/el-lazarillo-de-tormes/"]}]},{"@type":"ImageObject","inLanguage":"es","@id":"https://artsfestival.vinaros.es/es/espectaculos/el-lazarillo-de-tormes/#primaryimage","url":"https://artsfestival.vinaros.es/wp-content/uploads/2022/06/vinaros-arts-festival-lazarillo-de-tormes.jpg","contentUrl":"https://artsfestival.vinaros.es/wp-content/uploads/2022/06/vinaros-arts-festival-lazarillo-de-tormes.jpg","width":1706,"height":1280},{"@type":"BreadcrumbList","@id":"https://artsfestival.vinaros.es/es/espectaculos/el-lazarillo-de-tormes/#breadcrumb","itemListElement":[{"@type":"ListItem","position":1,"name":"Inicio","item":"https://artsfestival.vinaros.es/es/"},{"@type":"ListItem","position":2,"name":"Espectáculos","item":"https://artsfestival.vinaros.es/es/espectaculos/"},{"@type":"ListItem","position":3,"name":"El lazarillo de Tormes"}]},{"@type":"WebSite","@id":"https://artsfestival.vinaros.es/es/#website","url":"https://artsfestival.vinaros.es/es/","name":"Vinaròs Arts Festival","description":"El festival de Vinaròs","potentialAction":[{"@type":"SearchAction","target":{"@type":"EntryPoint","urlTemplate":"https://artsfestival.vinaros.es/es/?s={search_term_string}"},"query-input":"required name=search_term_string"}],"inLanguage":"es"}]}</script>
<!-- / Yoast SEO plugin. -->

El lazarillo de Tormes - Vinaròs Arts Festival

Déjenme decirles algo: jamás abandonaré al Lazarillo. Cada vez que lo represento disfruto especialmente. Nunca he [&hellip;]

Vinaròs Arts Festival

Espectáculos

El festival de Vinaròs
