{"id":351,"date":"2022-06-02T13:35:34","date_gmt":"2022-06-02T11:35:34","guid":{"rendered":"https:\/\/artsfestival.vinaros.es\/aviso-legal\/"},"modified":"2022-06-03T11:57:18","modified_gmt":"2022-06-03T09:57:18","slug":"aviso-legal","status":"publish","type":"page","link":"https:\/\/artsfestival.vinaros.es\/es\/aviso-legal\/","title":{"rendered":"Aviso legal"},"content":{"rendered":"\n<p>Este sitio web es propiedad y est\u00e1 gestionado desde el Ayuntamiento de Vinar\u00f2s.<\/p>\n\n<p>Esta p\u00e1gina web ha sido creada por el Ayuntamiento de Vinar\u00f2s, con car\u00e1cter informativo. El hecho de acceder a esta p\u00e1gina implica el conocimiento y la aceptaci\u00f3n de los siguientes t\u00e9rminos y condiciones: <\/p>\n\n<ul><li>Titularidad de la p\u00e1gina web. El nombre del dominio <a href=\"https:\/\/www.vinaros.es\/\">www.vinaros.es<\/a> est\u00e1 registrado a favor del Ayuntamiento de Vinar\u00f2s, con NIF P1213800D y domicilio social Pla\u00e7a Parroquial, 12, 12500 Vinar\u00f2s, (Castell\u00f3).  Tel\u00e9fono de contacte +34 964.407.700 y direcci\u00f3n de correo electr\u00f3nico <a href=\"mailto:info@vinaros.es\">info@vinaros.es<\/a><\/li><li>Propiedad intelectual de la web. Todos los derechos de propiedad intelectual del contenido de esta p\u00e1gina web y su dise\u00f1o gr\u00e1fico son propiedad exclusiva del Ayuntamiento de Vinar\u00f2s y es a quien le corresponde el ejercicio exclusivo de los derechos de explotaci\u00f3n de los mismos. Por tanto, queda prohibida su reproducci\u00f3n, distribuci\u00f3n, comunicaci\u00f3n p\u00fablica y transformaci\u00f3n, total o parcial, sin la autorizaci\u00f3n expresa del Ayuntamiento de Vinar\u00f2s. Asimismo, todos los signos distintivos, marcas, nombres comerciales o signos de cualquier clase contenidos en esta p\u00e1gina web est\u00e1n protegidos por ley.   <\/li><\/ul>\n\n<ul><li>Contenido de la web y enlaces. El Ayuntamiento de Vinar\u00f2s no se responsabiliza del mal uso que se realice de los contenidos de su p\u00e1gina web, siendo responsabilidad exclusiva de la persona que acceda a los mismos o los utilice. Tampoco asume ninguna responsabilidad por la informaci\u00f3n contenida en las p\u00e1ginas web de terceros a las que se pueda acceder por enlaces desde la p\u00e1gina <a href=\"https:\/\/www.vinaros.es\/\">www.vinaros.es<\/a>.   La presencia de estos enlaces tiene una finalidad informativa y no es en ning\u00fan caso una invitaci\u00f3n a la contrataci\u00f3n de productos o servicios que se ofrezcan en la p\u00e1gina web de destino. En caso de que el Ayuntamiento de Vinar\u00f2s tenga conocimiento efectivo que la actividad o la informaci\u00f3n a la cual se remite desde estos enlaces es il\u00edcita, constitutiva de delito o puede lesionar bienes o derechos de terceros susceptibles de indemnizaci\u00f3n, actuar\u00e1 con la diligencia necesaria para suprimir o inutilizar el enlace correspondiente lo m\u00e1s pronto posible. <\/li><li>Actualizaci\u00f3n y modificaci\u00f3n de la p\u00e1gina web. El Ayuntamiento de Vinar\u00f2s se reserva el derecho a actualizar, modificar o eliminar la informaci\u00f3n contenida en su p\u00e1gina web, y su configuraci\u00f3n o presentaci\u00f3n, en cualquier momento, sin previo aviso y sin asumir ninguna responsabilidad por hacerlo. <\/li><li>Indicaciones sobre aspectos t\u00e9cnicos. El Ayuntamiento de Vinar\u00f2s no asume ninguna responsabilidad que pueda derivarse de problemas t\u00e9cnicos o errores en los equipos inform\u00e1ticos, no imputables al Ayuntamiento, que se produzcan durante la conexi\u00f3n a la red de Internet, o que puedan ser causados por terceras personas mediante intromisiones ileg\u00edtimas fuera de su control. Desde el Ayuntamiento de Vinar\u00f2s no se garantiza la ausencia de virus u otros elementos que puedan causar da\u00f1os en los sistemas inform\u00e1ticos, en los documentos electr\u00f3nicos o en los ficheros de usuario de esta p\u00e1gina web o de p\u00e1ginas web de terceros; por tanto, no se responsabiliza de los prejuicios que puedan producirse por estas causas. Tambi\u00e9n queda exonerado de toda responsabilidad ante posibles da\u00f1os o prejuicios que pueda padecer el usuario como consecuencia de errores, defectos u omisiones en la informaci\u00f3n que facilita cuando proceda de terceras fuentes.   <\/li><li>Tratamiento de datos del usuario. Puede consultar la informaci\u00f3n referente a la pol\u00edtica de tratamiento de datos a trav\u00e9s del siguiente <a href=\"https:\/\/www.vinaros.es\/ca\/contenido\/politica-de-privacitat\">enlace<\/a>. <\/li><li>Legislaci\u00f3n y jurisdicci\u00f3n aplicable. Con car\u00e1cter general, las relaciones con los usuarios que se deriven de la prestaci\u00f3n de los servicios contenidos en esta p\u00e1gina web est\u00e1n sometidos a la legislaci\u00f3n y jurisdicci\u00f3n espa\u00f1ola. <\/li><\/ul>\n\n<p>Los usuarios de esta p\u00e1gina web son conscientes de todo lo expuesto y lo aceptan voluntariamente.<\/p>\n","protected":false},"excerpt":{"rendered":"<p>Este sitio web es propiedad y est\u00e1 gestionado desde el Ayuntamiento de Vinar\u00f2s. Esta p\u00e1gina web [&hellip;]<\/p>\n","protected":false},"author":2,"featured_media":0,"parent":0,"menu_order":0,"comment_status":"closed","ping_status":"closed","template":"page-legal.php","meta":{"inline_featured_image":false,"footnotes":""},"acf":[],"yoast_head":"<!-- This site is optimized with the Yoast SEO plugin v22.6 - https:\/\/yoast.com\/wordpress\/plugins\/seo\/ -->\n<title>Aviso legal - Vinar\u00f2s Arts Festival<\/title>\n<meta name=\"robots\" content=\"index, follow, max-snippet:-1, max-image-preview:large, max-video-preview:-1\" \/>\n<link rel=\"canonical\" href=\"https:\/\/artsfestival.vinaros.es\/es\/aviso-legal\/\" \/>\n<meta property=\"og:locale\" content=\"es_ES\" \/>\n<meta property=\"og:type\" content=\"article\" \/>\n<meta property=\"og:title\" content=\"Aviso legal - Vinar\u00f2s Arts Festival\" \/>\n<meta property=\"og:description\" content=\"Este sitio web es propiedad y est\u00e1 gestionado desde el Ayuntamiento de Vinar\u00f2s. Esta p\u00e1gina web [&hellip;]\" \/>\n<meta property=\"og:url\" content=\"https:\/\/artsfestival.vinaros.es\/es\/aviso-legal\/\" \/>\n<meta property=\"og:site_name\" content=\"Vinar\u00f2s Arts Festival\" \/>\n<meta property=\"article:modified_time\" content=\"2022-06-03T09:57:18+00:00\" \/>\n<meta name=\"twitter:card\" content=\"summary_large_image\" \/>\n<meta name=\"twitter:label1\" content=\"Tiempo de lectura\" \/>\n\t<meta name=\"twitter:data1\" content=\"3 minutos\" \/>\n<script type=\"application\/ld+json\" class=\"yoast-schema-graph\">{\"@context\":\"https:\/\/schema.org\",\"@graph\":[{\"@type\":\"WebPage\",\"@id\":\"https:\/\/artsfestival.vinaros.es\/es\/aviso-legal\/\",\"url\":\"https:\/\/artsfestival.vinaros.es\/es\/aviso-legal\/\",\"name\":\"Aviso legal - Vinar\u00f2s Arts Festival\",\"isPartOf\":{\"@id\":\"https:\/\/artsfestival.vinaros.es\/es\/#website\"},\"datePublished\":\"2022-06-02T11:35:34+00:00\",\"dateModified\":\"2022-06-03T09:57:18+00:00\",\"breadcrumb\":{\"@id\":\"https:\/\/artsfestival.vinaros.es\/es\/aviso-legal\/#breadcrumb\"},\"inLanguage\":\"es\",\"potentialAction\":[{\"@type\":\"ReadAction\",\"target\":[\"https:\/\/artsfestival.vinaros.es\/es\/aviso-legal\/\"]}]},{\"@type\":\"BreadcrumbList\",\"@id\":\"https:\/\/artsfestival.vinaros.es\/es\/aviso-legal\/#breadcrumb\",\"itemListElement\":[{\"@type\":\"ListItem\",\"position\":1,\"name\":\"Inicio\",\"item\":\"https:\/\/artsfestival.vinaros.es\/es\/\"},{\"@type\":\"ListItem\",\"position\":2,\"name\":\"Aviso legal\"}]},{\"@type\":\"WebSite\",\"@id\":\"https:\/\/artsfestival.vinaros.es\/es\/#website\",\"url\":\"https:\/\/artsfestival.vinaros.es\/es\/\",\"name\":\"Vinar\u00f2s Arts Festival\",\"description\":\"El festival de Vinar\u00f2s\",\"potentialAction\":[{\"@type\":\"SearchAction\",\"target\":{\"@type\":\"EntryPoint\",\"urlTemplate\":\"https:\/\/artsfestival.vinaros.es\/es\/?s={search_term_string}\"},\"query-input\":\"required name=search_term_string\"}],\"inLanguage\":\"es\"}]}<\/script>\n<!-- \/ Yoast SEO plugin. -->","yoast_head_json":{"title":"Aviso legal - Vinar\u00f2s Arts Festival","robots":{"index":"index","follow":"follow","max-snippet":"max-snippet:-1","max-image-preview":"max-image-preview:large","max-video-preview":"max-video-preview:-1"},"canonical":"https:\/\/artsfestival.vinaros.es\/es\/aviso-legal\/","og_locale":"es_ES","og_type":"article","og_title":"Aviso legal - Vinar\u00f2s Arts Festival","og_description":"Este sitio web es propiedad y est\u00e1 gestionado desde el Ayuntamiento de Vinar\u00f2s. Esta p\u00e1gina web [&hellip;]","og_url":"https:\/\/artsfestival.vinaros.es\/es\/aviso-legal\/","og_site_name":"Vinar\u00f2s Arts Festival","article_modified_time":"2022-06-03T09:57:18+00:00","twitter_card":"summary_large_image","twitter_misc":{"Tiempo de lectura":"3 minutos"},"schema":{"@context":"https:\/\/schema.org","@graph":[{"@type":"WebPage","@id":"https:\/\/artsfestival.vinaros.es\/es\/aviso-legal\/","url":"https:\/\/artsfestival.vinaros.es\/es\/aviso-legal\/","name":"Aviso legal - Vinar\u00f2s Arts Festival","isPartOf":{"@id":"https:\/\/artsfestival.vinaros.es\/es\/#website"},"datePublished":"2022-06-02T11:35:34+00:00","dateModified":"2022-06-03T09:57:18+00:00","breadcrumb":{"@id":"https:\/\/artsfestival.vinaros.es\/es\/aviso-legal\/#breadcrumb"},"inLanguage":"es","potentialAction":[{"@type":"ReadAction","target":["https:\/\/artsfestival.vinaros.es\/es\/aviso-legal\/"]}]},{"@type":"BreadcrumbList","@id":"https:\/\/artsfestival.vinaros.es\/es\/aviso-legal\/#breadcrumb","itemListElement":[{"@type":"ListItem","position":1,"name":"Inicio","item":"https:\/\/artsfestival.vinaros.es\/es\/"},{"@type":"ListItem","position":2,"name":"Aviso legal"}]},{"@type":"WebSite","@id":"https:\/\/artsfestival.vinaros.es\/es\/#website","url":"https:\/\/artsfestival.vinaros.es\/es\/","name":"Vinar\u00f2s Arts Festival","description":"El festival de Vinar\u00f2s","potentialAction":[{"@type":"SearchAction","target":{"@type":"EntryPoint","urlTemplate":"https:\/\/artsfestival.vinaros.es\/es\/?s={search_term_string}"},"query-input":"required name=search_term_string"}],"inLanguage":"es"}]}},"_links":{"self":[{"href":"https:\/\/artsfestival.vinaros.es\/es\/wp-json\/wp\/v2\/pages\/351"}],"collection":[{"href":"https:\/\/artsfestival.vinaros.es\/es\/wp-json\/wp\/v2\/pages"}],"about":[{"href":"https:\/\/artsfestival.vinaros.es\/es\/wp-json\/wp\/v2\/types\/page"}],"author":[{"embeddable":true,"href":"https:\/\/artsfestival.vinaros.es\/es\/wp-json\/wp\/v2\/users\/2"}],"replies":[{"embeddable":true,"href":"https:\/\/artsfestival.vinaros.es\/es\/wp-json\/wp\/v2\/comments?post=351"}],"version-history":[{"count":1,"href":"https:\/\/artsfestival.vinaros.es\/es\/wp-json\/wp\/v2\/pages\/351\/revisions"}],"predecessor-version":[{"id":352,"href":"https:\/\/artsfestival.vinaros.es\/es\/wp-json\/wp\/v2\/pages\/351\/revisions\/352"}],"wp:attachment":[{"href":"https:\/\/artsfestival.vinaros.es\/es\/wp-json\/wp\/v2\/media?parent=351"}],"curies":[{"name":"wp","href":"https:\/\/api.w.org\/{rel}","templated":true}]}}

<p>Este sitio web es propiedad y está gestionado desde el Ayuntamiento de Vinaròs.</p>

<p>Esta página web ha sido creada por el Ayuntamiento de Vinaròs, con carácter informativo. El hecho de acceder a esta página implica el conocimiento y la aceptación de los siguientes términos y condiciones: </p>

<ul><li>Titularidad de la página web. El nombre del dominio <a href="https://www.vinaros.es/">www.vinaros.es</a> está registrado a favor del Ayuntamiento de Vinaròs, con NIF P1213800D y domicilio social Plaça Parroquial, 12, 12500 Vinaròs, (Castelló).  Teléfono de contacte +34 964.407.700 y dirección de correo electrónico <a href="mailto:info@vinaros.es">info@vinaros.es</a></li><li>Propiedad intelectual de la web. Todos los derechos de propiedad intelectual del contenido de esta página web y su diseño gráfico son propiedad exclusiva del Ayuntamiento de Vinaròs y es a quien le corresponde el ejercicio exclusivo de los derechos de explotación de los mismos. Por tanto, queda prohibida su reproducción, distribución, comunicación pública y transformación, total o parcial, sin la autorización expresa del Ayuntamiento de Vinaròs. Asimismo, todos los signos distintivos, marcas, nombres comerciales o signos de cualquier clase contenidos en esta página web están protegidos por ley.   </li></ul>

<ul><li>Contenido de la web y enlaces. El Ayuntamiento de Vinaròs no se responsabiliza del mal uso que se realice de los contenidos de su página web, siendo responsabilidad exclusiva de la persona que acceda a los mismos o los utilice. Tampoco asume ninguna responsabilidad por la información contenida en las páginas web de terceros a las que se pueda acceder por enlaces desde la página <a href="https://www.vinaros.es/">www.vinaros.es</a>.   La presencia de estos enlaces tiene una finalidad informativa y no es en ningún caso una invitación a la contratación de productos o servicios que se ofrezcan en la página web de destino. En caso de que el Ayuntamiento de Vinaròs tenga conocimiento efectivo que la actividad o la información a la cual se remite desde estos enlaces es ilícita, constitutiva de delito o puede lesionar bienes o derechos de terceros susceptibles de indemnización, actuará con la diligencia necesaria para suprimir o inutilizar el enlace correspondiente lo más pronto posible. </li><li>Actualización y modificación de la página web. El Ayuntamiento de Vinaròs se reserva el derecho a actualizar, modificar o eliminar la información contenida en su página web, y su configuración o presentación, en cualquier momento, sin previo aviso y sin asumir ninguna responsabilidad por hacerlo. </li><li>Indicaciones sobre aspectos técnicos. El Ayuntamiento de Vinaròs no asume ninguna responsabilidad que pueda derivarse de problemas técnicos o errores en los equipos informáticos, no imputables al Ayuntamiento, que se produzcan durante la conexión a la red de Internet, o que puedan ser causados por terceras personas mediante intromisiones ilegítimas fuera de su control. Desde el Ayuntamiento de Vinaròs no se garantiza la ausencia de virus u otros elementos que puedan causar daños en los sistemas informáticos, en los documentos electrónicos o en los ficheros de usuario de esta página web o de páginas web de terceros; por tanto, no se responsabiliza de los prejuicios que puedan producirse por estas causas. También queda exonerado de toda responsabilidad ante posibles daños o prejuicios que pueda padecer el usuario como consecuencia de errores, defectos u omisiones en la información que facilita cuando proceda de terceras fuentes.   </li><li>Tratamiento de datos del usuario. Puede consultar la información referente a la política de tratamiento de datos a través del siguiente <a href="https://www.vinaros.es/ca/contenido/politica-de-privacitat">enlace</a>. </li><li>Legislación y jurisdicción aplicable. Con carácter general, las relaciones con los usuarios que se deriven de la prestación de los servicios contenidos en esta página web están sometidos a la legislación y jurisdicción española. </li></ul>

<p>Los usuarios de esta página web son conscientes de todo lo expuesto y lo aceptan voluntariamente.</p>

<p>Este sitio web es propiedad y está gestionado desde el Ayuntamiento de Vinaròs. Esta página web [&hellip;]</p>

<!-- This site is optimized with the Yoast SEO plugin v22.6 - https://yoast.com/wordpress/plugins/seo/ -->
<title>Aviso legal - Vinaròs Arts Festival</title>
<meta name="robots" content="index, follow, max-snippet:-1, max-image-preview:large, max-video-preview:-1" />
<link rel="canonical" href="https://artsfestival.vinaros.es/es/aviso-legal/" />
<meta property="og:locale" content="es_ES" />
<meta property="og:type" content="article" />
<meta property="og:title" content="Aviso legal - Vinaròs Arts Festival" />
<meta property="og:description" content="Este sitio web es propiedad y está gestionado desde el Ayuntamiento de Vinaròs. Esta página web [&hellip;]" />
<meta property="og:url" content="https://artsfestival.vinaros.es/es/aviso-legal/" />
<meta property="og:site_name" content="Vinaròs Arts Festival" />
<meta property="article:modified_time" content="2022-06-03T09:57:18+00:00" />
<meta name="twitter:card" content="summary_large_image" />
<meta name="twitter:label1" content="Tiempo de lectura" />
	<meta name="twitter:data1" content="3 minutos" />
<script type="application/ld+json" class="yoast-schema-graph">{"@context":"https://schema.org","@graph":[{"@type":"WebPage","@id":"https://artsfestival.vinaros.es/es/aviso-legal/","url":"https://artsfestival.vinaros.es/es/aviso-legal/","name":"Aviso legal - Vinaròs Arts Festival","isPartOf":{"@id":"https://artsfestival.vinaros.es/es/#website"},"datePublished":"2022-06-02T11:35:34+00:00","dateModified":"2022-06-03T09:57:18+00:00","breadcrumb":{"@id":"https://artsfestival.vinaros.es/es/aviso-legal/#breadcrumb"},"inLanguage":"es","potentialAction":[{"@type":"ReadAction","target":["https://artsfestival.vinaros.es/es/aviso-legal/"]}]},{"@type":"BreadcrumbList","@id":"https://artsfestival.vinaros.es/es/aviso-legal/#breadcrumb","itemListElement":[{"@type":"ListItem","position":1,"name":"Inicio","item":"https://artsfestival.vinaros.es/es/"},{"@type":"ListItem","position":2,"name":"Aviso legal"}]},{"@type":"WebSite","@id":"https://artsfestival.vinaros.es/es/#website","url":"https://artsfestival.vinaros.es/es/","name":"Vinaròs Arts Festival","description":"El festival de Vinaròs","potentialAction":[{"@type":"SearchAction","target":{"@type":"EntryPoint","urlTemplate":"https://artsfestival.vinaros.es/es/?s={search_term_string}"},"query-input":"required name=search_term_string"}],"inLanguage":"es"}]}</script>
<!-- / Yoast SEO plugin. -->

Aviso legal - Vinaròs Arts Festival

Este sitio web es propiedad y está gestionado desde el Ayuntamiento de Vinaròs. Esta página web [&hellip;]

Vinaròs Arts Festival

El festival de Vinaròs
